{"id":792,"date":"2018-07-15T22:58:48","date_gmt":"2018-07-15T20:58:48","guid":{"rendered":"http:\/\/www.ikea-billy-project.de\/?page_id=792"},"modified":"2019-07-21T23:12:30","modified_gmt":"2019-07-21T21:12:30","slug":"schritt-10-kranzleiste","status":"publish","type":"page","link":"https:\/\/www.ikea-billy-project.de\/?page_id=792","title":{"rendered":"Schritt 10 &#8211; Kranzleiste"},"content":{"rendered":"<p>Als optischer Anschluss nach unten dient der in Schritt 9 gezeigte Sockel. Als optischer Abschluss nach oben dient eine Kranzleiste, die auf die Korpusse aufgesetzt wird. Zun\u00e4chst ist eine L-F\u00f6rmige Gundkonstruktion aus Spanplatten zu erstellen. Auf die Vorderseite der Konstruktion wird sp\u00e4ter das Stuckprofil aus Polyurethan aufgeklebt. Als Bezugsquelle f\u00fcr Stuckprofile empfehle ich HEXIM.<\/p>\n\n<p>Die Spanplatten sind so zu bemessen, dass das Stuckprofil in der H\u00f6he die Konstruktion um wenige Millimeter \u00fcberragt. Die Spanplatten l\u00e4sst man am besten im lokalen Baumarkt auf Ma\u00df zuschneiden. Bei dem hier gezeigten Projekt muss der Kranz zudem in zwei Teilen gefertigt werden, da er sonst die Handhabung verkompilziert. Die zwei Teilst\u00fccke der Kranzleiste werden zun\u00e4chst mit \u00dcberl\u00e4nge gefertigt (und sp\u00e4ter angepasst).<\/p>\nngg_shortcode_0_placeholder\n<p>Nach dem Erstellen der Grundkonstruktion werden die vorher zugeschnittenen Stuck-Profile augeklebt. Wichtig ist hier auf einigerma\u00dfen saubere Gehrungen an den Ecken zu achten. Beim Ankleben k\u00f6nnen die Profile an den Ecken tempor\u00e4r mit Schrauben fixiert werden. Der innere Sto\u00df der Spanplatten und der obere Anschluss des Stuckprofils zur Spanplatte werden mit einer kleinen Klebernaht versehen &#8211; dies erh\u00f6ht die Stabilit\u00e4t der Gesamtkonstruktion.<\/p>\nngg_shortcode_1_placeholder\n<p>Nach dem durchtrocknen des Klebers werden die zwei Teilst\u00fccke auf das finale L\u00e4ngenma\u00df angepasst. Die Sto\u00dfstelle der Kranzleiste sitzt am besten an einer Sto\u00dfstelle der einzelnen Korpusselemente (die beiden Teile der Kranzleiste haben also nicht die gleiche L\u00e4nge). Aus praktischen Gr\u00fcnden ist die Sto\u00dfstelle der Kranzleiste senkrecht ausgef\u00fchrt und nicht in 45\u00b0. Falls Ausschnitte im nicht sichtbaren Bereich der Kranzleiste notwendig sind, etwa f\u00fcr die auf den Korpussen installierten Abzweigdosen, so werden diese angezeichnet und erstellt.<\/p>\nngg_shortcode_2_placeholder\n<p>Nach dem finalen Abl\u00e4ngen muss die Konstruktion gespachtelt und geschliffen werden. Insbesondere werden die \u00dcberg\u00e4nge des Stuckprofils zu den Spanplatten gespachtelt. Das ist keine schwere Arbeit, sie sollte aber einigerma\u00dfen sorgf\u00e4ltig ausgef\u00fchrt werden. Es sind mehrere Spachtel- und Schleifg\u00e4nge f\u00fcr ein ansprechendes Ergebnis notwendig. Es werden auch die Sto\u00dfstellen der Stuckprofile geschliffen und gespachtelt, falls dies notwendig ist.<\/p>\nngg_shortcode_3_placeholder\n<p>Nach dem Schleifen werden die Kranzleisten gestrichen.<\/p>\nngg_shortcode_4_placeholder\n<p>Schlie\u00dflich werden die Kranzleisten final auf die Regale aufgesetzt und fixiert. Zum ausrichten der \u00dcberst\u00e4nde ist ein Messschieber hilfreich. Der Spalt bei der Sto\u00dfstelle ist definiert. Ohne ausreichende Breite kann der Spalt nicht korrekt verspachtelt werden.<\/p>\nngg_shortcode_5_placeholder\n<p>Im n\u00e4chsten Schritt wird der Spalt dann verspachtelt, geschliffen und die Sto\u00dfstelle gestrichen.<\/p>\nngg_shortcode_6_placeholder\n","protected":false},"excerpt":{"rendered":"<p>Als optischer Anschluss nach unten dient der in Schritt 9 gezeigte Sockel. Als optischer Abschluss nach oben dient eine Kranzleiste, die auf die Korpusse aufgesetzt wird. Zun\u00e4chst ist eine L-F\u00f6rmige Gundkonstruktion aus Spanplatten zu erstellen. Auf die Vorderseite der Konstruktion wird sp\u00e4ter das Stuckprofil aus Polyurethan aufgeklebt. Als Bezugsquelle f\u00fcr Stuckprofile empfehle ich HEXIM. &nbsp; [&hellip;]<\/p>\n","protected":false},"author":1,"featured_media":1033,"parent":0,"menu_order":100,"comment_status":"open","ping_status":"closed","template":"","meta":{"ngg_post_thumbnail":0,"footnotes":""},"class_list":["post-792","page","type-page","status-publish","has-post-thumbnail","czr-hentry"],"_links":{"self":[{"href":"https:\/\/www.ikea-billy-project.de\/index.php?rest_route=\/wp\/v2\/pages\/792","targetHints":{"allow":["GET"]}}],"collection":[{"href":"https:\/\/www.ikea-billy-project.de\/index.php?rest_route=\/wp\/v2\/pages"}],"about":[{"href":"https:\/\/www.ikea-billy-project.de\/index.php?rest_route=\/wp\/v2\/types\/page"}],"author":[{"embeddable":true,"href":"https:\/\/www.ikea-billy-project.de\/index.php?rest_route=\/wp\/v2\/users\/1"}],"replies":[{"embeddable":true,"href":"https:\/\/www.ikea-billy-project.de\/index.php?rest_route=%2Fwp%2Fv2%2Fcomments&post=792"}],"version-history":[{"count":26,"href":"https:\/\/www.ikea-billy-project.de\/index.php?rest_route=\/wp\/v2\/pages\/792\/revisions"}],"predecessor-version":[{"id":1384,"href":"https:\/\/www.ikea-billy-project.de\/index.php?rest_route=\/wp\/v2\/pages\/792\/revisions\/1384"}],"wp:featuredmedia":[{"embeddable":true,"href":"https:\/\/www.ikea-billy-project.de\/index.php?rest_route=\/wp\/v2\/media\/1033"}],"wp:attachment":[{"href":"https:\/\/www.ikea-billy-project.de\/index.php?rest_route=%2Fwp%2Fv2%2Fmedia&parent=792"}],"curies":[{"name":"wp","href":"https:\/\/api.w.org\/{rel}","templated":true}]}}