{"id":374,"date":"2018-07-11T02:47:03","date_gmt":"2018-07-11T00:47:03","guid":{"rendered":"http:\/\/www.ikea-billy-project.de\/?page_id=374"},"modified":"2018-07-31T12:27:10","modified_gmt":"2018-07-31T10:27:10","slug":"shritt-5-mittlere-regalreihe-kuerzen-und-aufbauen","status":"publish","type":"page","link":"https:\/\/www.ikea-billy-project.de\/?page_id=374","title":{"rendered":"Schritt 5 &#8211; mittlere Regalreihe k\u00fcrzen und aufbauen"},"content":{"rendered":"<p>Wie schon zuvor angek\u00fcndigt, musste die mittlere Reihe der &#8222;niedrigen Billy Regale&#8220; auf ein noch k\u00fcrzeres H\u00f6henma\u00df gek\u00fcrzt werden. Das K\u00fcrzen habe ich nicht selbst gemacht, auch wenn ich eine Handkreiss\u00e4ge habe. Hier kommt es darauf an, dass die Seitenw\u00e4nde und R\u00fcckw\u00e4nde der Regale alle exakt auf die gleiche L\u00e4nge gek\u00fcrzt werden. Daher habe ich die entsprechenden Teile ins Auto gepackt und bin zum lokalen Baumarkt gefahren. Dort wird der Zuschnitt von Fremdware gegen kleines Geld auf einer professionellen S\u00e4ge angeboten. Das Ergebnis ist, dass die Zuschnitte der Seitenw\u00e4nde und R\u00fcckw\u00e4nde alle das gleiche Ma\u00df haben.<\/p>\n<p>Ich habe die Regale auf ein Ma\u00df gek\u00fcrzt, dass zwei kleine Billy Oxberg T\u00fcren \u00fcbereinander passen. Der &#8222;Deckel&#8220;, also die Spanplatte als oberer Abschluss muss bei dem Ma\u00df mit ber\u00fccksichtigt werden.<\/p>\n<p>Der Zusammenbau war dann keine Kunst und ging schnell von der Hand. Zwei T\u00fcren wurden testweise montiert um die Ma\u00dfe zu \u00fcberpr\u00fcfen.<\/p>\nngg_shortcode_0_placeholder\n<p>Schlie\u00dflich wurde noch eine auf Ma\u00df geschnittene wei\u00dfe Spanplatte als &#8222;Deckel&#8220; montiert und nach bekanntem Schema die Beleuchtung installiert. Das mittlere Fach ist nicht beleuchtet, da dort die Multimedia Installation vorgesehen ist und die Ger\u00e4te nicht in Szene gesetzt werden sollen.<\/p>\nngg_shortcode_1_placeholder\n<p>Das ganze ungef\u00e4hr an Ort und Stelle ger\u00fcckt. So kann man sich schon&nbsp; vorstellen&#8230; wie es mal werden wird.<\/p>\nngg_shortcode_2_placeholder\n<p>Bevor die Regale miteinander verbunden werden m\u00fcssen noch die Positionen der Ger\u00e4tedosen (f\u00fcr Multimedia Eins\u00e4tze) dokumentiert werden, da sp\u00e4ter durch die R\u00fcckwand des Regal passgenau die Bohrungen erstellt werden sollen um die Ger\u00e4tedosen freizulegen. Dazu werden nur drei Ma\u00dfe ben\u00f6tigt. Die Mitte der ersten Dose und die jeweiligen H\u00f6hen der Mitten vom Fu\u00dfboden. Mit dem Laser wird die Mitte der Dose an die Wand projeziert und mit einem Stift markiert. Auf diese Markierung wird der Laser sp\u00e4ter wieder ausgerichtet. Es m\u00fcssen dann nur die H\u00f6hen auf die R\u00fcckwand \u00fcbertragen werden. Die Abst\u00e4nde der Ger\u00e4tedosen zueinander sind genormt, so dass mit einer Schablonde und anschlie\u00dfenden Bohrer mit dem passenden Durchmesser die Ausschnitte erstellt werden k\u00f6nnen.<\/p>\nngg_shortcode_3_placeholder\n<p>Danach k\u00f6nnen die einzelen Regalelemente untereinander mit M\u00f6belverbindern verbunden werden. Dazu ist folgendes Werkzeug\/Material hilfreich:<\/p>\n<ul>\n<li>M\u00f6belverbinder (hier M6)<\/li>\n<li>Akkuschrauber<\/li>\n<li>Bohrer zum durchbohren durch die Seitenw\u00e4nde der Regale<\/li>\n<li>Einhandzwingen zum fixieren der Korpusse<\/li>\n<li>Laser zum ausrichten aller Regale zueinander<\/li>\n<\/ul>\nngg_shortcode_4_placeholder\n<p>Wie oben zu sehen ist vereinfacht der Laser die Ausrichtung \u00fcber gr\u00f6\u00dfere Distanzen gerade bei mehreren Bauteilen erheblich. Immerhin ist die Gesamtkonstruktion 5,20 Meter lang. Die Laserlinie wird eingemessen und schlie\u00dflich&nbsp; werden die Korpuskanten zur Laserlinie ausgerichtet. Danach sind die Kanten der einzelnen Regale zueinander fluchtend.<\/p>\n","protected":false},"excerpt":{"rendered":"<p>Wie schon zuvor angek\u00fcndigt, musste die mittlere Reihe der &#8222;niedrigen Billy Regale&#8220; auf ein noch k\u00fcrzeres H\u00f6henma\u00df gek\u00fcrzt werden. Das K\u00fcrzen habe ich nicht selbst gemacht, auch wenn ich eine Handkreiss\u00e4ge habe. Hier kommt es darauf an, dass die Seitenw\u00e4nde und R\u00fcckw\u00e4nde der Regale alle exakt auf die gleiche L\u00e4nge gek\u00fcrzt werden. Daher habe ich [&hellip;]<\/p>\n","protected":false},"author":1,"featured_media":1037,"parent":0,"menu_order":50,"comment_status":"open","ping_status":"closed","template":"","meta":{"ngg_post_thumbnail":0,"footnotes":""},"class_list":["post-374","page","type-page","status-publish","has-post-thumbnail","czr-hentry"],"_links":{"self":[{"href":"https:\/\/www.ikea-billy-project.de\/index.php?rest_route=\/wp\/v2\/pages\/374","targetHints":{"allow":["GET"]}}],"collection":[{"href":"https:\/\/www.ikea-billy-project.de\/index.php?rest_route=\/wp\/v2\/pages"}],"about":[{"href":"https:\/\/www.ikea-billy-project.de\/index.php?rest_route=\/wp\/v2\/types\/page"}],"author":[{"embeddable":true,"href":"https:\/\/www.ikea-billy-project.de\/index.php?rest_route=\/wp\/v2\/users\/1"}],"replies":[{"embeddable":true,"href":"https:\/\/www.ikea-billy-project.de\/index.php?rest_route=%2Fwp%2Fv2%2Fcomments&post=374"}],"version-history":[{"count":19,"href":"https:\/\/www.ikea-billy-project.de\/index.php?rest_route=\/wp\/v2\/pages\/374\/revisions"}],"predecessor-version":[{"id":402,"href":"https:\/\/www.ikea-billy-project.de\/index.php?rest_route=\/wp\/v2\/pages\/374\/revisions\/402"}],"wp:featuredmedia":[{"embeddable":true,"href":"https:\/\/www.ikea-billy-project.de\/index.php?rest_route=\/wp\/v2\/media\/1037"}],"wp:attachment":[{"href":"https:\/\/www.ikea-billy-project.de\/index.php?rest_route=%2Fwp%2Fv2%2Fmedia&parent=374"}],"curies":[{"name":"wp","href":"https:\/\/api.w.org\/{rel}","templated":true}]}}